7
List the prime factors of 4698597.
3, 1566199
List the prime factors of 81244117.
81244117
List the prime factors of 156656189.
3323, 47143
List the prime factors of 54708936.
2, 3, 2279539
List the prime factors of 42048359.
42048359
List the prime factors of 539604679.
23, 23461073
List the prime factors of 55269120.
2, 3, 5, 37, 389
List the prime factors of 2095256263.
2095256263
List the prime factors of 2860213511.
73, 39181007
List the prime factors of 55517492.
2, 23, 26237
List the prime factors of 4660784.
2, 291299
What are the prime factors of 928828580?
2, 5, 139, 229, 1459
What are the prime factors of 3158354?
2, 277, 5701
What are the prime factors of 56654517?
3, 18884839
List the prime factors of 60827688.
2, 3, 71, 73, 163
List the prime factors of 151281328.
2, 11, 859553
What are the prime factors of 9427564?
2, 2356891
What are the prime factors of 417232741?
43, 61, 73, 2179
List the prime factors of 251923076.
2, 62980769
What are the prime factors of 22329926?
2, 71, 157253
What are the prime factors of 1493826201?
3, 7, 103, 32887
What are the prime factors of 14916897?
3, 599, 2767
What are the prime factors of 61965731?
17, 277, 13159
What are the prime factors of 21282821?
7, 101, 30103
List the prime factors of 2668481714.
2, 19, 70223203
List the prime factors of 45793067.
45793067
List the prime factors of 2680256827.
47, 2927, 19483
List the prime factors of 50314202.
2, 23, 311, 3517
List the prime factors of 2358428455.
5, 471685691
List the prime factors of 96319006.
2, 7, 982847
List the prime factors of 436507528.
2, 31, 1129, 1559
List the prime factors of 2970890.
2, 5, 13, 22853
What are the prime factors of 148812244?
2, 7, 1471, 3613
What are the prime factors of 86158697?
1429, 60293
What are the prime factors of 319738492?
2, 641, 124703
List the prime factors of 40807848.
2, 3, 1700327
What are the prime factors of 34108746?
2, 3, 7, 37, 47, 467
What are the prime factors of 602532297?
3, 43, 193, 2689
What are the prime factors of 1529722689?
3, 11, 97, 223, 2143
What are the prime factors of 169118383?
7, 1321, 18289
List the prime factors of 4102638300.
2, 3, 5, 4558487
What are the prime factors of 815719601?
83, 118409
What are the prime factors of 115940112?
2, 3, 601, 4019
What are the prime factors of 9230766429?
3, 31, 317, 313109
What are the prime factors of 1149776260?
2, 5, 19, 421, 7187
What are the prime factors of 97322727?
3, 4943, 6563
What are the prime factors of 65401530?
2, 3, 5, 2180051
List the prime factors of 62668839.
3, 20889613
What are the prime factors of 1084679528?
2, 135584941
What are the prime factors of 104888752?
2, 6555547
List the prime factors of 175783783.
7, 239, 105071
What are the prime factors of 42484169?
7, 13, 466859
List the prime factors of 174045335.
5, 337, 103291
What are the prime factors of 534453675?
3, 5, 7, 1018007
What are the prime factors of 533018489?
233, 2287633
List the prime factors of 406505379.
3, 7, 4349, 4451
What are the prime factors of 44815541?
61, 271, 2711
List the prime factors of 385774.
2, 192887
List the prime factors of 71093418.
2, 3, 11, 239, 4507
List the prime factors of 37889696.
2, 13, 91081
List the prime factors of 92236300.
2, 5, 13, 70951
List the prime factors of 177052802.
2, 2851, 31051
What are the prime factors of 115954829?
115954829
What are the prime factors of 1180976420?
2, 5, 13, 599, 7583
List the prime factors of 408556754.
2, 53, 67, 57527
List the prime factors of 58215235.
5, 13, 229, 3911
List the prime factors of 312268425.
3, 5, 7, 31, 2741
List the prime factors of 1673759078.
2, 281, 2978219
List the prime factors of 1635665897.
17, 96215641
List the prime factors of 550156039.
19, 31, 934051
What are the prime factors of 60686805?
3, 5, 4045787
What are the prime factors of 192536786?
2, 13, 137, 191, 283
List the prime factors of 1364287089.
3, 11, 41342033
What are the prime factors of 842441151?
3, 31, 181, 50047
What are the prime factors of 1806365374?
2, 11, 7873, 10429
What are the prime factors of 32997951?
3, 7, 523777
What are the prime factors of 28376853?
3, 383, 24697
List the prime factors of 54581275.
5, 7, 61, 5113
List the prime factors of 2666839633.
2666839633
What are the prime factors of 71685027?
3, 587, 4523
List the prime factors of 40753085.
5, 67, 239, 509
List the prime factors of 585319311.
3, 43, 504151
What are the prime factors of 276250841?
103, 733, 3659
What are the prime factors of 1605146046?
2, 3, 7, 73, 191, 2741
What are the prime factors of 96079879?
7, 79, 173743
What are the prime factors of 767717625?
3, 5, 37, 55331
List the prime factors of 116946094.
2, 17, 3439591
What are the prime factors of 215409865?
5, 11, 3916543
List the prime factors of 22235197.
601, 36997
What are the prime factors of 39345783?
3, 13115261
What are the prime factors of 408926946?
2, 3, 68154491
List the prime factors of 22447689.
3, 11, 31, 21943
What are the prime factors of 89914104?
2, 3, 7, 59467
What are the prime factors of 30927788?
2, 317, 24391
List the prime factors of 272423622.
2, 3, 29, 1187, 1319
List the prime factors of 18418046.
2, 73, 126151
What are the prime factors of 495309753?
3, 719, 76543
What are the prime factors of 102417365?
5, 20483473
List the prime factors of 968053889.
11, 97, 907267
What are the prime factors of 1096734?
2, 3, 182789
List the prime factors of 1436514929.
2557, 561797
List the prime factors of 1748821705.
5, 17, 491, 41903
What are the prime factors of 134104779?
3, 61, 137, 1783
List the prime factors of 4325375397.
3, 7, 1193, 172649
What are the prime factors of 2127515597?
27581, 77137
List the prime factors of 390057107.
11, 1423, 24919
What are the prime factors of 165057901?
3359, 49139
What are the prime factors of 537978642?
2, 3, 61, 1469887
What are the prime factors of 1284338263?
13, 89, 467, 2377
List the prime factors of 660122949.
3, 4999, 44017
What are the prime factors of 106678638?
2, 3, 11, 17, 41, 773
List the prime factors of 34706701.
23, 31, 48677
List the prime factors of 2765719.
11, 251429
List the prime factors of 1335135886.
2, 7, 95366849
List the prime factors of 30406370.
2, 5, 17, 383, 467
List the prime factors of 543832761.
3, 79, 439, 5227
What are the prime factors of 784678565?
5, 11, 2039, 6997
What are the prime factors of 745518630?
2, 3, 5, 113, 219917
What are the prime factors of 782614000?
2, 5, 7, 55901
List the prime factors of 63421347.
3, 11, 29, 66271
What are the prime factors of 173982734?
2, 19, 4578493
List the prime factors of 66909899.
7, 113, 84589
List the prime factors of 215511582.
2, 3, 11, 13, 251179
List the prime factors of 1868492817.
3, 3463, 59951
What are the prime factors of 40655289?
3, 89, 152267
What are the prime factors of 46275114?
2, 3, 397, 19427
What are the prime factors of 2226151572?
2, 3, 185512631
What are the prime factors of 42329847?
3, 7, 17, 118571
List the prime factors of 21686420.
2, 5, 7, 22129
What are the prime factors of 46912736?
2, 13, 112771
List the prime factors of 52679928.
2, 3, 7, 313571
What are the prime factors of 152403783?
3, 7, 7257323
What are the prime factors of 5277862?
2, 2638931
What are the prime factors of 89973403?
13, 157, 3391
List the prime factors of 452248645.
5, 137, 660217
What are the prime factors of 291400706?
2, 17, 151, 211, 269
List the prime factors of 3101221781.
7, 19, 149, 156493
What are the prime factors of 4942522561?
4942522561
What are the prime factors of 111054077?
6709, 16553
List the prime factors of 1375656438.
2, 3, 13, 241, 73181
List the prime factors of 8013427930.
2, 5, 23, 577, 60383
What are the prime factors of 16236707?
421, 38567
List the prime factors of 970428551.
970428551
What are the prime factors of 74556713?
7, 11, 17, 56957
List the prime factors of 1329119745.
3, 5, 23, 547, 7043
List the prime factors of 860128611.
3, 7213, 39749
What are the prime factors of 4645519130?
2, 5, 7, 83, 799573
What are the prime factors of 533092142?
2, 11, 47, 515563
List the prime factors of 3207450349.
23, 139454363
List the prime factors of 1189401614.
2, 31, 113, 169769
What are the prime factors of 68230042?
2, 34115021
What are the prime factors of 228825586